he value of 3 + 1 - (10 - (23 - (43 + 7)))?
-33
Evaluate -24 + 6 + 0 - -26 - 5.
3
What is the value of 10 - 8 - (37 + -39 + (-2 - -70))?
-64
(3 - -1) + 0 - (-17 + (22 - -10) + -9)
-2
What is (-691 - -697) + 43 + -3 + (3 - (0 - 0))?
49
What is the value of (-50 - (-68 - 8)) + 15?
41
Evaluate (26 - -69 - 41) + 39 + -9.
84
Evaluate 58 + (55 - -5 - 134).
-16
What is the value of 76 - (167 - 93) - (-1 - (-58 - 0))?
-55
Calculate 21 + -5 + 9 + -10 + -54.
-39
What is (23 - (92 - 47)) + 2?
-20
Calculate (-128 - -1) + -75 + 78 + 13.
-111
What is the value of (-49 - -82) + -52 + 8?
-11
What is the value of 1 + 10 - -114 - -8 - 36?
97
Evaluate -20 + (-7 - (2 + 17 + -12) - -14).
-20
(35 - (18 + 69)) + 76
24
What is -41 + (-63 - (-1 - 73))?
-30
-16 - ((3 - (0 + 0)) + (-55 - (-22 + -27)))
-13
-249 + 230 + (10 - (3 - 2)) + -1 + -28
-39
Calculate -416 + 403 + (-60 - 11) + -2.
-86
Calculate 9 + (-7 - 3) - (-1 + 36).
-36
What is the value of -57 + 12 + 294 + -228?
21
What is the value of 1 + -121 + -32 + (86 - 66) + 15?
-117
What is the value of -10 + (32 - -20) + 3 + -1 + 0?
44
Evaluate 13 + -11 + 13 + 3 + (-4 - -53).
67
Calculate -50 - (-21 - 25) - -21.
17
205 + -56 + (-126 - -95)
118
Evaluate 0 - -6 - ((70 - 70) + 31).
-25
Calculate -2 + -30 - (0 - -5 - (414 - 407)).
-30
What is the value of 19 + (5 - 6 - 13 - (75 + -76))?
6
Evaluate (96 - -2) + -40 + -3 + (-17 - -18) + 26.
82
What is (-19 + -78 - 65) + 103?
-59
What is the value of 4 - (-84 + -1 + -1) - (-65 + 154 + -74)?
75
What is the value of 15 - (80 + (-13 - -49))?
-101
What is (345 + -346 - (-14 + 23 - (-2 - 1))) + -3?
-16
10 + -1 - (-283 + 154 + 27)
111
What is -33 + -17 - ((-6 - -10) + -9)?
-45
What is the value of -180 - -155 - (-5 + (-12 - (1 - (-2 + 9))))?
-14
Calculate (3 - (-2 - 32) - 3) + 23 + 32 + -51.
38
-10 - (9 - (14 + -20 + -25) - (2 + -1))
-49
Calculate 10 + (-21 - 70) + -11 + 3.
-89
-71 + 10 + 5 + -10
-66
What is the value of (11 + 7 + -8 - 8 - 8) + -94?
-100
Calculate 3 - 160 - (-407 + 287).
-37
What is the value of -19 - (-74 + (-12 + 4 - -23 - 7))?
47
What is ((-11 - 0) + -202 + 95 - (-6 + 0)) + -9?
-121
Evaluate -17 - (-45 + 5 - (-20 + 4)).
7
Calculate -63 - (-139 - -37) - 30.
9
31 + -29 + -7 + 0 + 87 + -117
-35
Calculate -6 + (-24 - (17 + -47)) + (0 - 33).
-33
51 + 73 + -139 + -76
-91
6 + -30 + 103 - (-10 - 3)
92
Evaluate (-23 - ((-27 - -6) + 0)) + (-13 - 2).
-17
What is -43 - (0 - (1 + -3) - (31 - 20))?
-34
What is the value of (1 - 2) + 1 + -121 + 207 + -17 + 3?
72
Calculate -57 - (-74 - -176) - -87.
-72
Calculate 3 + -6 - 1 - (-23 + -39 - 33).
91
-30 + (-121 - -26) + 188
63
Calculate (-24 - -7) + -2 + (5 - -5) - -43.
34
25 - (13 - (11 - 25)) - 2
-4
-2 + 1 + 3 + 1630 + -1700
-68
Evaluate 10308 + -10286 - ((1 + 17 - -2) + 2).
0
Evaluate 9 - (-2 + (-103 - -4 - (-44 - -47)) + 12).
101
Calculate -8 + -18 + 29 + -7 + 4.
0
Evaluate (-78 - -10) + -9 - 11.
-88
What is the value of (3 - (5 + -1)) + 370 + -387 + -1?
-19
Evaluate (-97 - -17) + 163 - 150.
-67
What is the value of -11 - (-17 - (43 + -28) - (3 + -13))?
11
(1 - ((-1 - -11) + 5)) + -22 + 32
-4
-5 + 12 - 37 - -6
-24
Calculate 53 + -90 - (4 + -21).
-20
What is the value of (0 - -24) + (-38 - -25) - ((6 - -11) + -1)?
-5
Calculate 22 - (13 - (-5 + 8)) - (-16 + 76).
-48
(-365 - -391) + (-20 - 0) + 2
8
Evaluate -10 + 43 + (-40 - -18) + 19.
30
40 + -2 - (-217 + 160 + 58)
37
(421 - 402) + -6 + (4 - 1)
16
Calculate 8 + 45 + 3 + 0 + (-35 - (42 - 90)).
69
What is (3 - 4) + 41 - (-306 + 299)?
47
Evaluate -12 + -19 + (-28 - 14).
-73
(15 - 16) + (-364 - -409)
44
Calculate 14 + 0 - (49 - (-15 + (-50 - -33))).
-67
-30 + 23 - ((8 - 5 - 5) + -11)
6
1 + -7 + -4 + (-9 - 31 - -35)
-15
5 - (17 - (467 + -460 + (7 - 0)))
2
-18 + -33 + -9 - (1 + (3 - 1) - 3)
-60
What is 34 + -84 - (1 - 0 - (-5 - (-5 + -10)))?
-41
Calculate -2 + (-120 + 136 - (27 + -1)).
-12
What is the value of -6 - (6 - 6) - (-350 + 328)?
16
Calculate (92 - (-101 + 176)) + -57.
-40
Evaluate -1 + 75 + (-3315 - -3281).
40
Calculate 9 - (3 + -1 + 0 - (-23 + 23)).
7
What is (-24 - (-64 + 36)) + -60?
-56
Evaluate -16 - (49 + -35 + (-89 - 3 - 0)).
62
Evaluate -24 + (-27 - (20 - 45) - ((-1 - 2) + 2)).
-25
What is the value of (23 - (24 + 0)) + (-4 - (-102 + -4) - 2)?
99
What is 20 + 0 + 2 - (-1 - 58)?
81
-18 + -6 + 39 - (3 - (9 + -9 + 1))
13
What is -35 + -7 + 7 + 18 - (-5 + -12)?
0
Calculate 6 + (10 - (-8 - (-11 + -11 + 13))).
15
(-10 - -1) + (-33 - 16) - -16
-42
Evaluate -3 - (-16 - -3) - (4 - 66 - -13).
59
Calculate (-79 + 37 - -53) + 54.
65
Calculate -26 - -2 - (-89 - -4).
61
Calculate (9 - (36 + 1)) + (199 - 193).
-22
Calculate 49 - 53 - (18 + -29 - (3 - (8 + 2))).
0
Evaluate -44 + (0 - 4) - -82.
34
What is -22 + (-7 - (12 + -1 + -6))?
-34
Calculate 37 - (-15 - 3 - (-70 - -59)).
44
What is (5 - (4 + -78 + 3)) + 14 - 9?
81
What is 36 - (12 + 33) - (-15 - -2)?
4
-36 - -22 - (38 + 11 + -31)
-32
Evaluate (-7 - 10) + (18 - -10).
11
Evaluate -17 + 17 + 16 + (-1 - 22).
-7
Calculate 19 + -56 + 28 + -3 + 5 + 24 + 0.
17
What is the value of 29 - (-37 + 9 + 22 + -14 - -5)?
44
What is the value of -26 + (4 + 21 - (-6 - 18) - -19)?
42
What is -16 + (17 - -11) + -111 + 8 - 18?
-109
What is the value of 105 + (1 - (-3 - -5) - ((-2 - 21) + 13))?
114
(-2 + 0 + 4 - (-69 - 6)) + (-3 - 9)
65
-26 + 52 + -44 - -46
28
Evaluate -16 + 3 + 1 - (-7 + (-14 - -23 - -13)).
-27
What is the value of -4 + (-24 - -69) - 78?
-37
Calculate 1065 - 1047 - (-28 + 0).
46
Evaluate 20 + 4 + ((-12 - -9) + -1 + 17 - 9).
28
What is the value of -4949 - -4929 - ((1 - -2) + -4 + 7) - -9?
-17
0 + 3 - (-8 - -8) - (69 + -15 - 20)
-31
1 - -47 - (27 + (24 - -2) + (19 - 87))
63
What is the value of -6 - (-50 + (-4 - -28))?
20
What is -3056 + 3018 - (-1 - 7)?
-30
Calculate -16 - (-53 - (7 - 7)).
37
What is the value of (7 - -9) + -15 - ((-2 - -17) + (33 - 30))?
-17
What is the value of -66 + 36 - (1 - 4)?
-27
What is (2 - (-8 - -5)) + 30 + -54 + 63?
44
What is -279 + 301 + 9 + -2?
29
What is 88 + -51 - 10 - 6?
21
What is (12 - (16 + -2 + -15)) + -11 - (20 + -2)?
-16
What is the value of 1 + 20 - (-28 - (-55 + 25))?
19
-63 - (56 - 105 - -22)
-36
What is the value of (-28 - (21 + 34)) + -12 - -45?
-50
What is 122 + -13 + -42 + 3?
70
What is -2 + 3 + 27 - (1655 + -1581)?
-46
What is -131 - (-222 - -92) - (51 + 0)?
-52
What is (10 - 103) + (28 - 53 - -20) + -14?
-112
What is the value of -2 + (2 - (3 + 3 - 15 - -7)) - 41?
-39
Calculate (-140 - -165) + (-22 - 1) + (37 - 3).
36
What is 19 - (8 + (-13 + 14 - 12) - -16)?
6
Calculate (-2 - (0 + 3 + -5)) + 2 - (-6511 - -6537).
-24
What is 6 - (-32 - -43) - -1 - (-68 + 1)?
63
Evaluate -82 - (19 + -26 + 0 + -3 - -16).
-88
Calculate 535 + -538 + 22 + 0 + -4.
15
16 - (-128 + 125 + (1 - (-88 + -2)))
-72
Evaluate 0 + 2 - ((14 - -46) + -9 + -4 + 24).
-69
What is (4847 - 4815) + (0 + -1 - -11)?
42
-27 + (15 - (14 - (13 - -1))) + 6 + 55
49
Evaluate 0 - (-3 + (10 - 19)) - (13 + 29).
-30
What is (7 - (4 - -5)) + (-5 - (13 + -17))?
-3
What is 3 + -7 + -12 - (-6 + (2 - (-1 - 8)))?
-21
Calculate -4 + 94 + (-10 - 79).
1
Evaluate 143 + -32 + -58 - 39.
14
Calculate (-1 - 12) + 2 + (-753 - -667) - -4.
-93
Calculate -7 - 20 - -63 - -10.
46
Calculate 0 + -7 + (14 - 13) + 12 - (2 - 40).
44
Calculate 19 - (3 + -10) - ((-30 - -9) + 12).
35
What is the value of (7 - 28) + 13 + -17 + (13 - 5)?
-17
What is the value of 32 + (-9 - 30 - -24 - -8)?
25
-138 + (-131 - -217) + -16 + 3 + -3
-68
Evaluate (-1 - (-4 - 13)) + -3 - (-95 - (5 + -64)).
49
What is the value of 2385 + -2366 + -1 + (1 - -1 - (9 - 0))?
11
-28 - (20 - (-2 - (32 + -13)))
-69
10 + -14 - ((6 - (20 - 11)) + -35)
34
55 - 21 - (7 - (-4 + 13))
36
-227 + 176 + (0 - -41)
-10
112 - (104 - 58 - -32)
34
What is the value of (193 - 109) + (4 + (-10 - -2) - (2 - 16))?
94
What is the value of -3 - -38 - (-494 + 570)?
-41
Calculate 2 + 7 - (15 - (2 - 8 - -20)) - 56.
-48
Calculate (-16 - (-6 + -15 + -10)) + 23 - -8.
46
Evaluate 6362 + -6434 + 125 + -1.
52
-73 - -78 - (6 - 3) - (101 + (-1 - -2))
-100
What is 129 - (-26 + -104 + 179)?
80
Calculate -2 + -73 + 75 + -16.
-16
Evaluate -5 + (1 - -108) - ((73 - 63) + (-2 - -2)).
94
11 + (70 + -125 + 53 - (-55 + (-4 - -2)))
66
What is the value of -17 + (4 + -1 - (478 - 486)) - 58?
-64
What is (-120 - (2 + -20)) + 49?
-53
-56 - (48